 (-52 - -13)) + (40 - -1)
40
18 + -39 + -20 - 13 - -3
-51
Evaluate (-2 - -45) + -309 + 221.
-45
Calculate (-42 - (-6 + 4 + -3 + -2)) + -10 + 0.
-45
Calculate -6914 + 6911 + (6 - -1).
4
-34 - (-53 - (84 + -161))
-58
What is 11 + (-14 - (16 + -38)) + (-13 - 0)?
6
(-2 - -4) + (9 - 2) + (66 - (66 - -25))
-16
What is 4 - (32 + -26) - (-63 + -20)?
81
What is the value of -43 - (-2 - -5 - (-15 + (7 - -9)))?
-45
1074 + -1166 - (-28 + -1)
-63
15 + 40 + (-90 - -50)
15
What is 1 - 3 - (-2782 + 2764)?
16
36 + -19 + 8 + (43 - 16)
52
Evaluate 52 - (9 + -16 + 7 - -9 - 1) - -2.
46
Calculate (4 - (-9 + -2) - 3 - (-9 - -21)) + -48.
-48
What is the value of 5 + 66 - (-880 + 962)?
-11
-478 - -618 - (-6 + 46 - -2)
98
What is -57 - ((556 - 528) + 0 + -6 - 4)?
-75
What is 16 + -8 + (-2 + 4 - ((11 - 6) + -9))?
14
What is -14 + (78 - 49 - (-2 + 14)) + 52?
55
Evaluate (-25 - (1 - (11 + (-19 - -9)))) + -6.
-31
What is 8 + -3 + (38 + 51 + -124 - (0 + 0))?
-30
What is the value of 140 + 23 + -65 + -169?
-71
-66 - (275 + -151 - 72)
-118
Evaluate -5 + -11 + 0 + (-36 - -37) + -1.
-16
(-3 - 79) + -985 + 1039
-28
2 + -12 + (287 - 340) - (-9 + 3)
-57
62 + (-4 - -9) + -13 + (7 - (-18 + 0))
79
-2 + 0 + -16 - (-557 + 519)
20
Evaluate 39 - (0 + -6) - (28 - (-8 - -44)).
53
What is -5 + 37 + -6 + 0 - ((6 - 13) + 8)?
25
What is (42 + 44 - 52) + 8 + 0?
42
Evaluate 1390 + -1374 - (126 - 1).
-109
What is the value of 1 + -2 + (-51 - (-77 + -19))?
44
(7 - 14) + 0 + -37 - (47 - 58)
-33
What is 30 + (-9 - 4) - 40 - -117?
94
What is (-18 - -43 - 13) + 1 + (7 - 20)?
0
Evaluate 24 + (-41 - -66) - -1.
50
Calculate (12 - 4) + -50 + (20 + -25 - (2 + -14)).
-35
Calculate (-26 + 9 - (-23 + 29)) + 86.
63
Evaluate -13 - ((-5 - -3) + 3 + (-30 - -15)) - 14.
-13
What is -2 + -29 + (30 + -35 - -22)?
-14
Calculate -1003 + 1161 - (8 - -89).
61
What is 140 - 112 - (-7 - (-22 - -2))?
15
Calculate -129 - (-22 + -5 - 2).
-100
Calculate 20 + 36 + -51 + (8 - (-4 - -7)).
10
What is -9 + (-5 - 4 - (-4 + 1 - 4))?
-11
Calculate 27 + (-57 - -17) + 88 + 3 + 3.
81
What is the value of (5 - (3 + 38 + 4)) + (0 - -11)?
-29
What is -90 + 17 + (-74 - -135)?
-12
378 - 409 - (6 - 5 - -2 - -2)
-36
Evaluate 75 - -1 - (-8 + (-24 - (-49 - -11))).
70
Evaluate (-6 - (9 - -4)) + -46 + 0.
-65
What is the value of 52 - (-9 + 42 + -31 + 3 + 7 + -7)?
47
Evaluate 81 + 18 - (-5 - (-16 + -1)).
87
What is the value of 1 - 8 - ((8 + (-24 - -19) - -7) + 53)?
-70
What is the value of (-3 - -4) + 16 + -20 - 59?
-62
Calculate 24 + -5 + -15 + ((4 - -2) + 8 - -1).
19
-18 + -17 - -45 - -21
31
Calculate -10 - -27 - (54 - 114 - -43).
34
36 + -30 + (17 - 16)
7
Calculate -13 + 71 + -92 - -11.
-23
What is the value of 12 - (-25 - (74 + -54))?
57
Evaluate ((-12 - 0) + 161 + -113 - -1) + -3 + 10.
44
What is the value of (0 - 12 - (-3 - -2)) + (47 - (28 - -34))?
-26
-69 + (-78 - -69) + -32
-110
Calculate 1277 + -1163 + -3 + -49.
62
27 - (27 + (-13 - 3) - 55)
71
What is -16 + -9 - (-104 - -55)?
24
(23 - -38 - 23 - 2) + -14
22
What is (-12 - 1 - 0) + -1 + 0 + 17 + -14?
-11
What is the value of (-27 + -27 - 84) + 54?
-84
What is -2 - (1 + (1 - 1)) - ((-28 - -58) + -12)?
-21
Calculate 376 + -399 - (9 - (0 + -1 + 1)).
-32
What is the value of -129 + (-37 - (-63 + -35 + 27))?
-95
What is the value of 48 - (-92 - -85 - 15)?
70
What is (10 - (-92 - -26)) + -20?
56
14 - (107 + -162 + 4)
65
Calculate -10 + 19 - (-14 - (-3 + (17 - 6))).
31
What is -28 + 12 + (-6 + -8 + 17 - 38)?
-51
What is 11 + -4 + (61 - (-7 + 1 - 9 - -7))?
76
-4 - -29 - (149 + (-65 - -12) + 38)
-109
-47 - (13 + -25 + 34 - 48)
-21
What is the value of (1 - (-36 + 34) - 46) + -29?
-72
-2 + 1 + -1 + -6 - (-41 + 32 + 6)
-5
What is -25 + (30 + (13 - 71) - -55)?
2
What is 5 + -6 + 9 + 8 + -5 - 9?
2
What is -855 + 783 + 60 + 5?
-7
What is 28 + (-95 - -85) + -4 + (8 - 3) + 2?
21
Evaluate 10 - (-7 - -14) - -21 - 61.
-37
1 - -51 - (11 - ((1 - -2) + 38 + -30))
52
Evaluate (160 - 175) + 100 + (-7 - -1).
79
(15 - -14) + (-38 - -8)
-1
What is 34 + -51 + 16 + (1 - (7 + -1)) + -51?
-57
What is -11 + (-9 - -71 - (-18 + 22 + (7 - 2)))?
42
Calculate (26 - 20) + (-13 + -52 - 6).
-65
What is 35 + -55 + 0 + 65 - (3 + 0 + -4)?
46
-2 - (8 - 4) - ((-2 - 1) + -97 + 98)
-4
Evaluate (-15 - (-80 - -30)) + (10 + 0 - (0 - -2)).
43
30 - 4 - (-4 + 35 - 13)
8
Calculate -1 + -8 + 3 + (-6 + 13 - 20).
-19
What is (-10 - 3) + 7 - (-32 - (1 - 7))?
20
What is the value of (-10 - (-35 + 4)) + -19 - 39?
-37
What is the value of 6 + (-23 - (-47 + 18)) + (75 - 0) + -3?
84
Calculate -8 + (-32 + 11 - -9 - -27) - -22.
29
What is -3 + 13 - 25 - (-40 + 7 + -4)?
22
Calculate (15 - 91) + (-34 - -31) + 1 + 14.
-64
What is -3 + -4 + 1 - (9 - (14 - 18))?
-19
-4 - (-42 - (32 + -97))
-27
What is -13 + (47 - (33 + 61))?
-60
What is (-27 + 8 - -2) + 9 + -4 + (-7 - 89)?
-108
(-63 - -54) + (-2 - -35)
24
Evaluate (13 - -1) + -1792 + 1750.
-28
What is 8 + (-41 - ((-9 - -6 - -2) + -2))?
-30
What is -98 + 15 - -143 - 218?
-158
83 + (-72 - (-16 - 32))
59
Evaluate (6 + 5 + -53 - (108 - 129)) + 80.
59
What is -16 + (6 + 66 - 9) + -15 - (-5 - -6)?
31
-11 + 24 + -14 + -20 + 42
21
Evaluate 9 + 2 + 18 + -43.
-14
Evaluate -78 + 40 + 28 + 52.
42
What is the value of (43 - 26) + (0 - (34 - -13))?
-30
What is -11 + (-11 - 60 - (-48 - -35))?
-69
Calculate -63 - ((2 - (-34 - -1)) + (-7 - 6)).
-85
(-27 - (-4 + 0)) + (36 - 24) + -27
-38
Calculate 1 - 106 - (-1478 + 1458).
-85
Calculate (-116 - 13) + -288 + 356.
-61
Evaluate 6 - (28 + -109 - -14).
73
Evaluate (6 - -77) + -18 - (-30 - -1).
94
Calculate -55 + -2 + -11 + (14 - (15 - (4 + 6))).
-59
Evaluate (100 - 13) + 1 + -12 + 7.
83
What is -6 + 36 + -30 + 1?
1
Calculate -5 + ((-35 - 5) + 0 - (10 - 14)).
-41
Evaluate (52 - -1) + (2 - (-3 + -8) - (566 - 546)).
46
What is the value of -38 + 74 + -3 - (146 + 17)?
-130
What is -17 + (40 - 42 - (-14 - (5 - 10)))?
-10
What is (-85 - 4) + 172 + -11?
72
Calculate -1 + 4 - (-25 - (-9 + (-24 - -72))).
67
What is 64 - (202 + -1 + -42)?
-95
Calculate (0 - 2) + (-38 - -49) + -3 + -23.
-17
147 + 1 + (-15272 - -15188)
64
What is the value of 14 + (-6 - (-116 - (-9 - -6 - 1)))?
120
What is -419 + 437 - (3 - 6 - 28)?
49
What is (-15 - (1 - (8 - 12 - 12))) + -11?
-43
-63 + 5 + -66 + 155
31
What is -18 + -22 + (-4 - -1) + (1 + 13 - 1)?
-30
Evaluate -8 + (13 - (25 + -42)) - -25.
47
What is the value of (111 - 144) + (1 - 12 - 6)?
-50
Calculate -16 + 19 + 2 + (80 - 19).
66
What is 56 + 28 + -104 + 18?
-2
Evaluate -9 + (186 + -189 - (0 + 22)).
-34
Calculate -83 + (-45655 + 45646 - (-1 + (2 + -1 - 1))).
-91
What is the value of (0 - -7) + -1147 + 1157 + 97?
114
What is the value of 3 + 0 + -3 - (71 - 22 - 35)?
-14
Calculate 5 + 4 + 6 - (-3 - (8 + 6)).
32
What is 1 + -15 + (50 + 94 - 43)?
87
Evaluate 3379 + -3514 - (0 + 3 - 0 - 3).
-135
Evaluate -1 + 17 + -54 + -12.
-50
What is the value of -17 + 1 - (290 + -248 + 14)?
-72
Calculate -7 + 0 + 15 + -13 - (36 + -45).
4
-3 - (-6 + 3) - (48 + -124 + -78)
154
What is 10 - (25 - (55 + -27)) - (2 - -84)?
-73
Evaluate 23 - 67 - (1 - 53).
8
Evaluate (-312 - -282) + 9 + (0 - 7).
-28
Calculate 5 - (75 + -154) - 35.
49
Evaluate 19 + -11 - (-1 + -4 - (-8 - (-13 - -21))).
-3
Calculate 55 + 121 + 8 + -86.
98
8 + (0 - (5 + 39 + -12 - 6)) - 6
-24
What is 77 + (18 - 77) + 2?
20
1 - 65 - (-3676 + 3676)
-64
Calculate (49 - -4) + (0 - (12 - -8) - -29).
62
(0 - (1 + 0)) + (-15 - -55 - -36 - -36)
111
72 + 10 + -7 + -15 + -4 + 9
65
-989 + 988 + (-2 - 119) - -27
-95
10 + -5 + (7 - (7 + (-11 - 8))) + -10
14
What is the value of 42 + -122 + (139 - -28)?
87
What is the value of (10 - 7) + 0 + -4 + -129 + 159?
29
Calculate (-1338 - -1294) + 3 + -46.
-87
23 + (91 - (7 - (30 - 23)))
114
Evaluate -44 + (-20 - (-35 - 11)).
-18
Calculate (-2 - 0) + (93 - (-209 - -321)).
-21
-7 + (5 - -80) + 0 + 9 + -16
71
(35 - 75) + -47 - -27
-60
Calculate -53 + (-52 - -51) - (3 + -1 + 2 + -2).
-56
What is -28 + 20 + 6 - (5 + -11 + 57)?
-53
59 - (-6 + (-26 + 3 - -29 - (-1 + 0)))
58
Evaluate -540 + 556 + 0 + -7 + 3.
12
What is 37 - (-13 + 17) - (-3 - ((3 - 1) + -2))?
36
Evaluate 21 - (-171 + 208 + 0 + -9).
-7
40 + -76 - (-31 - 125)
120
Calculate 12 - -9 - (18 + -5 + 10).
-2
What is -42 + 52 - -67 - 116?
-39
What is the value of 5 + (-48 + -26 + 45 + -2 + -2 - 7)?
-35
Calculate -14 + -12 + (20 - -